{"id":2,"date":"2009-06-25T00:36:27","date_gmt":"2009-06-24T21:36:27","guid":{"rendered":""},"modified":"2022-07-15T16:58:19","modified_gmt":"2022-07-15T20:58:19","slug":"about","status":"publish","type":"page","link":"http:\/\/alexandrepoitras.com\/blogue\/?page_id=2","title":{"rendered":"\u00c0 propos"},"content":{"rendered":"<div class=\"wp-block-image\">\n<figure class=\"alignleft\"><img decoding=\"async\" src=\"http:\/\/alexandrepoitras.com\/images\/wp\/alexandrepoitras.jpg\" alt=\"Portrait - Alexandre Poitras\" title=\"Portrait - Alexandre Poitras\"\/><\/figure><\/div>\n\n\n<p><br>Le photographe Alexandre Poitras se situe sur la rive-sud de Montr\u00e9al, \u00e0 environ 25 minutes de la m\u00e9tropole et se sp\u00e9cialise, avec ses 15 ans d&#8217;exp\u00e9rience, dans la photographie sportive, la photographie corporative, les mariages, les photos en studio, seules ou en groupe.<\/p>\n\n\n\n<p>Avec Alexandre Poitras comme photographe, attendez-vous d&#8217;avoir des sc\u00e9ances photos super plaisantes et tr\u00e8s amicales. La petite g\u00e8ne devant l&#8217;appareil photo se dissipera en quelques minutes seulement, pour les moins habitu\u00e9s devant le &#8216;kodak&#8217;. Pour les plus agu\u00e9ris, vous serez ravis par les clich\u00e9s et les id\u00e9es cr\u00e9atives d&#8217;Alexandre Poitras, le tout dans un ambiance calme et d\u00e9tendu.<\/p>\n\n\n\n<p><a href=\"http:\/\/alexandrepoitras.com\/blogue\/?page_id=811\">Consultez le portfolio photos<\/a> et le blogue afin de visualiser quelques-unes de mes meilleurs photos, tout domaines confondus !<\/p>\n\n\n\n<p>Merci d&#8217;avoir visit\u00e9 ma page de photographe, et je souhaite de tout coeur immortaliser quelques moments avec vous, tr\u00e8s bient\u00f4t !<\/p>\n\n\n\n<p>Je vous invite \u00e0 vous abonner sur mon compte <a href=\"https:\/\/instagram.com\/AlexPoitras\" target=\"_blank\" rel=\"noopener\">Instagram<\/a> afin de voir mes plus r\u00e9centes photos.&nbsp;<\/p>\n","protected":false},"excerpt":{"rendered":"<p>Le photographe Alexandre Poitras se situe sur la rive-sud de Montr\u00e9al, \u00e0 environ 25 minutes de la m\u00e9tropole et se sp\u00e9cialise, avec ses 15 ans d&#8217;exp\u00e9rience, dans la photographie sportive, la photographie corporative, les mariages, les photos en studio, seules ou en groupe. Avec Alexandre Poitras comme photographe, attendez-vous d&#8217;avoir des sc\u00e9ances photos super plaisantes [&hellip;]<\/p>\n","protected":false},"author":1,"featured_media":1822,"parent":0,"menu_order":0,"comment_status":"open","ping_status":"open","template":"","meta":{"_monsterinsights_skip_tracking":false,"_monsterinsights_sitenote_active":false,"_monsterinsights_sitenote_note":"","_monsterinsights_sitenote_category":0,"ngg_post_thumbnail":0,"footnotes":""},"yoast_head":"<!-- This site is optimized with the Yoast SEO plugin v24.3 - https:\/\/yoast.com\/wordpress\/plugins\/seo\/ -->\n<title>\u00c0 propos - Alexandre Poitras - Photographe<\/title>\n<meta name=\"robots\" content=\"index, follow, max-snippet:-1, max-image-preview:large, max-video-preview:-1\" \/>\n<link rel=\"canonical\" href=\"http:\/\/alexandrepoitras.com\/blogue\/?page_id=2\" \/>\n<meta property=\"og:locale\" content=\"en_US\" \/>\n<meta property=\"og:type\" content=\"article\" \/>\n<meta property=\"og:title\" content=\"\u00c0 propos - Alexandre Poitras - Photographe\" \/>\n<meta property=\"og:description\" content=\"Le photographe Alexandre Poitras se situe sur la rive-sud de Montr\u00e9al, \u00e0 environ 25 minutes de la m\u00e9tropole et se sp\u00e9cialise, avec ses 15 ans d&#8217;exp\u00e9rience, dans la photographie sportive, la photographie corporative, les mariages, les photos en studio, seules ou en groupe. Avec Alexandre Poitras comme photographe, attendez-vous d&#8217;avoir des sc\u00e9ances photos super plaisantes [&hellip;]\" \/>\n<meta property=\"og:url\" content=\"http:\/\/alexandrepoitras.com\/blogue\/?page_id=2\" \/>\n<meta property=\"og:site_name\" content=\"Alexandre Poitras - Photographe\" \/>\n<meta property=\"article:publisher\" content=\"https:\/\/facebook.com\/Alexandre.Poitras.Photographe\" \/>\n<meta property=\"article:modified_time\" content=\"2022-07-15T20:58:19+00:00\" \/>\n<meta property=\"og:image\" content=\"http:\/\/alexandrepoitras.com\/blogue\/wp-content\/uploads\/2022\/07\/178A5407_2000x1200_Cover.jpg\" \/>\n\t<meta property=\"og:image:width\" content=\"2048\" \/>\n\t<meta property=\"og:image:height\" content=\"1229\" \/>\n\t<meta property=\"og:image:type\" content=\"image\/jpeg\" \/>\n<meta name=\"twitter:card\" content=\"summary_large_image\" \/>\n<meta name=\"twitter:site\" content=\"@AlexPoitras\" \/>\n<meta name=\"twitter:label1\" content=\"Est. reading time\" \/>\n\t<meta name=\"twitter:data1\" content=\"1 minute\" \/>\n<script type=\"application\/ld+json\" class=\"yoast-schema-graph\">{\"@context\":\"https:\/\/schema.org\",\"@graph\":[{\"@type\":\"WebPage\",\"@id\":\"http:\/\/alexandrepoitras.com\/blogue\/?page_id=2\",\"url\":\"http:\/\/alexandrepoitras.com\/blogue\/?page_id=2\",\"name\":\"\u00c0 propos - Alexandre Poitras - Photographe\",\"isPartOf\":{\"@id\":\"http:\/\/alexandrepoitras.com\/blogue\/#website\"},\"primaryImageOfPage\":{\"@id\":\"http:\/\/alexandrepoitras.com\/blogue\/?page_id=2#primaryimage\"},\"image\":{\"@id\":\"http:\/\/alexandrepoitras.com\/blogue\/?page_id=2#primaryimage\"},\"thumbnailUrl\":\"http:\/\/alexandrepoitras.com\/blogue\/wp-content\/uploads\/2022\/07\/178A5407_2000x1200_Cover.jpg\",\"datePublished\":\"2009-06-24T21:36:27+00:00\",\"dateModified\":\"2022-07-15T20:58:19+00:00\",\"breadcrumb\":{\"@id\":\"http:\/\/alexandrepoitras.com\/blogue\/?page_id=2#breadcrumb\"},\"inLanguage\":\"en-US\",\"potentialAction\":[{\"@type\":\"ReadAction\",\"target\":[\"http:\/\/alexandrepoitras.com\/blogue\/?page_id=2\"]}]},{\"@type\":\"ImageObject\",\"inLanguage\":\"en-US\",\"@id\":\"http:\/\/alexandrepoitras.com\/blogue\/?page_id=2#primaryimage\",\"url\":\"http:\/\/alexandrepoitras.com\/blogue\/wp-content\/uploads\/2022\/07\/178A5407_2000x1200_Cover.jpg\",\"contentUrl\":\"http:\/\/alexandrepoitras.com\/blogue\/wp-content\/uploads\/2022\/07\/178A5407_2000x1200_Cover.jpg\",\"width\":2048,\"height\":1229,\"caption\":\"Cover Photo - Sam Guerin #82\"},{\"@type\":\"BreadcrumbList\",\"@id\":\"http:\/\/alexandrepoitras.com\/blogue\/?page_id=2#breadcrumb\",\"itemListElement\":[{\"@type\":\"ListItem\",\"position\":1,\"name\":\"Home\",\"item\":\"http:\/\/alexandrepoitras.com\/blogue\/\"},{\"@type\":\"ListItem\",\"position\":2,\"name\":\"\u00c0 propos\"}]},{\"@type\":\"WebSite\",\"@id\":\"http:\/\/alexandrepoitras.com\/blogue\/#website\",\"url\":\"http:\/\/alexandrepoitras.com\/blogue\/\",\"name\":\"Alexandre Poitras - Photographe\",\"description\":\"Photographe Sportif, corporatif, de mariage et de studio\",\"publisher\":{\"@id\":\"http:\/\/alexandrepoitras.com\/blogue\/#organization\"},\"potentialAction\":[{\"@type\":\"SearchAction\",\"target\":{\"@type\":\"EntryPoint\",\"urlTemplate\":\"http:\/\/alexandrepoitras.com\/blogue\/?s={search_term_string}\"},\"query-input\":{\"@type\":\"PropertyValueSpecification\",\"valueRequired\":true,\"valueName\":\"search_term_string\"}}],\"inLanguage\":\"en-US\"},{\"@type\":\"Organization\",\"@id\":\"http:\/\/alexandrepoitras.com\/blogue\/#organization\",\"name\":\"Alexandre Poitras - Photographe\",\"url\":\"http:\/\/alexandrepoitras.com\/blogue\/\",\"logo\":{\"@type\":\"ImageObject\",\"inLanguage\":\"en-US\",\"@id\":\"http:\/\/alexandrepoitras.com\/blogue\/#\/schema\/logo\/image\/\",\"url\":\"http:\/\/alexandrepoitras.com\/blogue\/wp-content\/uploads\/2011\/10\/Alexandre-Poitras-Photographe.png\",\"contentUrl\":\"http:\/\/alexandrepoitras.com\/blogue\/wp-content\/uploads\/2011\/10\/Alexandre-Poitras-Photographe.png\",\"width\":\"500\",\"height\":\"286\",\"caption\":\"Alexandre Poitras - Photographe\"},\"image\":{\"@id\":\"http:\/\/alexandrepoitras.com\/blogue\/#\/schema\/logo\/image\/\"},\"sameAs\":[\"https:\/\/facebook.com\/Alexandre.Poitras.Photographe\",\"https:\/\/x.com\/AlexPoitras\",\"http:\/\/instagram.com\/alexpoitras\"]}]}<\/script>\n<!-- \/ Yoast SEO plugin. -->","yoast_head_json":{"title":"\u00c0 propos - Alexandre Poitras - Photographe","robots":{"index":"index","follow":"follow","max-snippet":"max-snippet:-1","max-image-preview":"max-image-preview:large","max-video-preview":"max-video-preview:-1"},"canonical":"http:\/\/alexandrepoitras.com\/blogue\/?page_id=2","og_locale":"en_US","og_type":"article","og_title":"\u00c0 propos - Alexandre Poitras - Photographe","og_description":"Le photographe Alexandre Poitras se situe sur la rive-sud de Montr\u00e9al, \u00e0 environ 25 minutes de la m\u00e9tropole et se sp\u00e9cialise, avec ses 15 ans d&#8217;exp\u00e9rience, dans la photographie sportive, la photographie corporative, les mariages, les photos en studio, seules ou en groupe. Avec Alexandre Poitras comme photographe, attendez-vous d&#8217;avoir des sc\u00e9ances photos super plaisantes [&hellip;]","og_url":"http:\/\/alexandrepoitras.com\/blogue\/?page_id=2","og_site_name":"Alexandre Poitras - Photographe","article_publisher":"https:\/\/facebook.com\/Alexandre.Poitras.Photographe","article_modified_time":"2022-07-15T20:58:19+00:00","og_image":[{"width":2048,"height":1229,"url":"http:\/\/alexandrepoitras.com\/blogue\/wp-content\/uploads\/2022\/07\/178A5407_2000x1200_Cover.jpg","type":"image\/jpeg"}],"twitter_card":"summary_large_image","twitter_site":"@AlexPoitras","twitter_misc":{"Est. reading time":"1 minute"},"schema":{"@context":"https:\/\/schema.org","@graph":[{"@type":"WebPage","@id":"http:\/\/alexandrepoitras.com\/blogue\/?page_id=2","url":"http:\/\/alexandrepoitras.com\/blogue\/?page_id=2","name":"\u00c0 propos - Alexandre Poitras - Photographe","isPartOf":{"@id":"http:\/\/alexandrepoitras.com\/blogue\/#website"},"primaryImageOfPage":{"@id":"http:\/\/alexandrepoitras.com\/blogue\/?page_id=2#primaryimage"},"image":{"@id":"http:\/\/alexandrepoitras.com\/blogue\/?page_id=2#primaryimage"},"thumbnailUrl":"http:\/\/alexandrepoitras.com\/blogue\/wp-content\/uploads\/2022\/07\/178A5407_2000x1200_Cover.jpg","datePublished":"2009-06-24T21:36:27+00:00","dateModified":"2022-07-15T20:58:19+00:00","breadcrumb":{"@id":"http:\/\/alexandrepoitras.com\/blogue\/?page_id=2#breadcrumb"},"inLanguage":"en-US","potentialAction":[{"@type":"ReadAction","target":["http:\/\/alexandrepoitras.com\/blogue\/?page_id=2"]}]},{"@type":"ImageObject","inLanguage":"en-US","@id":"http:\/\/alexandrepoitras.com\/blogue\/?page_id=2#primaryimage","url":"http:\/\/alexandrepoitras.com\/blogue\/wp-content\/uploads\/2022\/07\/178A5407_2000x1200_Cover.jpg","contentUrl":"http:\/\/alexandrepoitras.com\/blogue\/wp-content\/uploads\/2022\/07\/178A5407_2000x1200_Cover.jpg","width":2048,"height":1229,"caption":"Cover Photo - Sam Guerin #82"},{"@type":"BreadcrumbList","@id":"http:\/\/alexandrepoitras.com\/blogue\/?page_id=2#breadcrumb","itemListElement":[{"@type":"ListItem","position":1,"name":"Home","item":"http:\/\/alexandrepoitras.com\/blogue\/"},{"@type":"ListItem","position":2,"name":"\u00c0 propos"}]},{"@type":"WebSite","@id":"http:\/\/alexandrepoitras.com\/blogue\/#website","url":"http:\/\/alexandrepoitras.com\/blogue\/","name":"Alexandre Poitras - Photographe","description":"Photographe Sportif, corporatif, de mariage et de studio","publisher":{"@id":"http:\/\/alexandrepoitras.com\/blogue\/#organization"},"potentialAction":[{"@type":"SearchAction","target":{"@type":"EntryPoint","urlTemplate":"http:\/\/alexandrepoitras.com\/blogue\/?s={search_term_string}"},"query-input":{"@type":"PropertyValueSpecification","valueRequired":true,"valueName":"search_term_string"}}],"inLanguage":"en-US"},{"@type":"Organization","@id":"http:\/\/alexandrepoitras.com\/blogue\/#organization","name":"Alexandre Poitras - Photographe","url":"http:\/\/alexandrepoitras.com\/blogue\/","logo":{"@type":"ImageObject","inLanguage":"en-US","@id":"http:\/\/alexandrepoitras.com\/blogue\/#\/schema\/logo\/image\/","url":"http:\/\/alexandrepoitras.com\/blogue\/wp-content\/uploads\/2011\/10\/Alexandre-Poitras-Photographe.png","contentUrl":"http:\/\/alexandrepoitras.com\/blogue\/wp-content\/uploads\/2011\/10\/Alexandre-Poitras-Photographe.png","width":"500","height":"286","caption":"Alexandre Poitras - Photographe"},"image":{"@id":"http:\/\/alexandrepoitras.com\/blogue\/#\/schema\/logo\/image\/"},"sameAs":["https:\/\/facebook.com\/Alexandre.Poitras.Photographe","https:\/\/x.com\/AlexPoitras","http:\/\/instagram.com\/alexpoitras"]}]}},"_links":{"self":[{"href":"http:\/\/alexandrepoitras.com\/blogue\/index.php?rest_route=\/wp\/v2\/pages\/2"}],"collection":[{"href":"http:\/\/alexandrepoitras.com\/blogue\/index.php?rest_route=\/wp\/v2\/pages"}],"about":[{"href":"http:\/\/alexandrepoitras.com\/blogue\/index.php?rest_route=\/wp\/v2\/types\/page"}],"author":[{"embeddable":true,"href":"http:\/\/alexandrepoitras.com\/blogue\/index.php?rest_route=\/wp\/v2\/users\/1"}],"replies":[{"embeddable":true,"href":"http:\/\/alexandrepoitras.com\/blogue\/index.php?rest_route=%2Fwp%2Fv2%2Fcomments&post=2"}],"version-history":[{"count":34,"href":"http:\/\/alexandrepoitras.com\/blogue\/index.php?rest_route=\/wp\/v2\/pages\/2\/revisions"}],"predecessor-version":[{"id":1836,"href":"http:\/\/alexandrepoitras.com\/blogue\/index.php?rest_route=\/wp\/v2\/pages\/2\/revisions\/1836"}],"wp:featuredmedia":[{"embeddable":true,"href":"http:\/\/alexandrepoitras.com\/blogue\/index.php?rest_route=\/wp\/v2\/media\/1822"}],"wp:attachment":[{"href":"http:\/\/alexandrepoitras.com\/blogue\/index.php?rest_route=%2Fwp%2Fv2%2Fmedia&parent=2"}],"curies":[{"name":"wp","href":"https:\/\/api.w.org\/{rel}","templated":true}]}}